{"id":66,"date":"2020-01-02T06:21:26","date_gmt":"2020-01-02T09:21:26","guid":{"rendered":"http:\/\/site.jetmarketing.com.br\/index.php\/home\/"},"modified":"2022-04-04T21:36:08","modified_gmt":"2022-04-05T00:36:08","slug":"home","status":"publish","type":"page","link":"http:\/\/site.jetmarketing.com.br\/","title":{"rendered":"Home"},"content":{"rendered":"\t\t<div data-elementor-type=\"wp-page\" data-elementor-id=\"66\" class=\"elementor elementor-66\">\n\t\t\t\t\t\t<div class=\"elementor-inner\">\n\t\t\t\t<div class=\"elementor-section-wrap\">\n\t\t\t\t\t\t\t\t\t<section class=\"elementor-section elementor-top-section elementor-element elementor-element-6f11a2b elementor-section-boxed elementor-section-height-default elementor-section-height-default\" data-id=\"6f11a2b\" data-element_type=\"section\" data-settings=\"{&quot;background_background&quot;:&quot;classic&quot;}\">\n\t\t\t\t\t\t<div class=\"elementor-container elementor-column-gap-default\">\n\t\t\t\t\t\t\t<div class=\"elementor-row\">\n\t\t\t\t\t<div class=\"aux-parallax-section elementor-column elementor-col-100 elementor-top-column elementor-element elementor-element-608a314\" data-id=\"608a314\" data-element_type=\"column\">\n\t\t\t<div class=\"elementor-column-wrap elementor-element-populated\">\n\t\t\t\t\t\t\t<div class=\"elementor-widget-wrap\">\n\t\t\t\t\t\t<div class=\"elementor-element elementor-element-ba11166 aux-appear-watch-animation aux-slide-from-bot elementor-widget elementor-widget-aux_modern_heading\" data-id=\"ba11166\" data-element_type=\"widget\" data-widget_type=\"aux_modern_heading.default\">\n\t\t\t\t<div class=\"elementor-widget-container\">\n\t\t\t<section class=\"aux-widget-modern-heading\">\n            <div class=\"aux-widget-inner\"><h1 class=\"aux-modern-heading-primary\">Exemplos de Sites para sua Empresa ou Negocio. <\/h1><\/div>\n        <\/section>\t\t<\/div>\n\t\t\t\t<\/div>\n\t\t\t\t<section class=\"elementor-section elementor-inner-section elementor-element elementor-element-b372f29 elementor-section-content-middle elementor-section-boxed elementor-section-height-default elementor-section-height-default\" data-id=\"b372f29\" data-element_type=\"section\">\n\t\t\t\t\t\t<div class=\"elementor-container elementor-column-gap-wide\">\n\t\t\t\t\t\t\t<div class=\"elementor-row\">\n\t\t\t\t\t<div class=\"aux-parallax-section elementor-column elementor-col-33 elementor-inner-column elementor-element elementor-element-6eae663\" data-id=\"6eae663\" data-element_type=\"column\">\n\t\t\t<div class=\"elementor-column-wrap elementor-element-populated\">\n\t\t\t\t\t\t\t<div class=\"elementor-widget-wrap\">\n\t\t\t\t\t\t<div class=\"elementor-element elementor-element-b415815 aux-appear-watch-animation aux-fade-in-left-1 elementor-widget elementor-widget-aux_text\" data-id=\"b415815\" data-element_type=\"widget\" data-widget_type=\"aux_text.default\">\n\t\t\t\t<div class=\"elementor-widget-container\">\n\t\t\t<section class=\"widget-container aux-widget-text aux-parent-au012fb041\" style=\"\" >        <div class=\"aux-widget-advanced-text aux-wrap-style-simple aux-ico-pos-top aux-text-center aux-text-resp- aux-text-color-dark aux-text-widget-bg-center aux-text-no-content \" >\n        \n                            <div class=\"aux-text-widget-header \"  >\n                        <div class=\"aux-ico-box aux-ico-large aux-img-box aux-ico-shape-default aux-ico-clear \">\n                                                                <img width=\"261\" height=\"165\" src=\"data:image\/gif;base64,R0lGODlhAQABAIAAAAAAAP\/\/\/yH5BAEAAAAALAAAAAABAAEAAAIBRAA7\" class=\"aux-attachment aux-featured-image aux-attachment-id-80 aux-preload aux-blank\" alt=\"15766543_xxl\" data-ratio=\"1.58\" data-original-w=\"261\" data-src=\"http:\/\/site.jetmarketing.com.br\/wp-content\/uploads\/2022\/04\/15766543_xxl.png\" \/>                                                    <\/div>\n                <\/div>\n            \n            <div class=\"aux-text-inner aux-text-widget-content\">\n                                <h4 class=\"col-title\">Site para Academia <\/h4>\n                <a  href=\"http:\/\/ex1.jetmarketing.com.br\/\" target=\"_blank\"   class=\"aux-button aux-medium aux-black aux-round aux-outline aux-icon-left\" ><span class=\"aux-overlay\"><\/span><span class=\"aux-icon fas fa-chevron-up\"><\/span><span class=\"aux-text\">VER SITE<\/span><\/a>            <\/div>\n        <\/div>\n                    <div class=\"aux-text-widget-footer\">\n                <div class=\"aux-border-shape-none \">\n                                <\/div>\n            <\/div>\n        \n<\/section><!-- widget-container -->\t\t<\/div>\n\t\t\t\t<\/div>\n\t\t\t\t<div class=\"elementor-element elementor-element-1e599d4 aux-appear-watch-animation aux-fade-in-left-1 elementor-widget elementor-widget-aux_text\" data-id=\"1e599d4\" data-element_type=\"widget\" data-widget_type=\"aux_text.default\">\n\t\t\t\t<div class=\"elementor-widget-container\">\n\t\t\t<section class=\"widget-container aux-widget-text aux-parent-aub8cc405b\" style=\"\" >        <div class=\"aux-widget-advanced-text aux-wrap-style-simple aux-ico-pos-top aux-text-center aux-text-resp- aux-text-color-dark aux-text-widget-bg-center aux-text-no-content \" >\n        \n                            <div class=\"aux-text-widget-header \"  >\n                        <div class=\"aux-ico-box aux-ico-large aux-img-box aux-ico-shape-default aux-ico-clear \">\n                                                                <img width=\"150\" height=\"150\" src=\"data:image\/gif;base64,R0lGODlhAQABAIAAAAAAAP\/\/\/yH5BAEAAAAALAAAAAABAAEAAAIBRAA7\" class=\"aux-attachment aux-featured-image aux-attachment-id-107 aux-preload aux-blank\" alt=\"kisspng-aapc-medical-billing-clinical-coder-professional-c-learning-center-aapc-5bf74311edcd66.8360782015429312179741\" data-ratio=\"1\" data-original-w=\"500\" sizes=\"auto\" data-srcset=\"http:\/\/site.jetmarketing.com.br\/wp-content\/uploads\/2022\/04\/kisspng-aapc-medical-billing-clinical-coder-professional-c-learning-center-aapc-5bf74311edcd66.8360782015429312179741-150x150.png 150w,http:\/\/site.jetmarketing.com.br\/wp-content\/uploads\/2022\/04\/kisspng-aapc-medical-billing-clinical-coder-professional-c-learning-center-aapc-5bf74311edcd66.8360782015429312179741-300x300.png 300w,http:\/\/site.jetmarketing.com.br\/wp-content\/uploads\/2022\/04\/kisspng-aapc-medical-billing-clinical-coder-professional-c-learning-center-aapc-5bf74311edcd66.8360782015429312179741-150x150.png 150w\" data-src=\"http:\/\/site.jetmarketing.com.br\/wp-content\/uploads\/2022\/04\/kisspng-aapc-medical-billing-clinical-coder-professional-c-learning-center-aapc-5bf74311edcd66.8360782015429312179741-150x150.png\" \/>                                                    <\/div>\n                <\/div>\n            \n            <div class=\"aux-text-inner aux-text-widget-content\">\n                                <h4 class=\"col-title\">Clinica<\/h4>\n                <a  href=\"http:\/\/ex5.jetmarketing.com.br\/\" target=\"_blank\"   class=\"aux-button aux-medium aux-black aux-round aux-outline aux-icon-left\" ><span class=\"aux-overlay\"><\/span><span class=\"aux-icon fas fa-angle-up\"><\/span><span class=\"aux-text\">VER SITE<\/span><\/a>            <\/div>\n        <\/div>\n                    <div class=\"aux-text-widget-footer\">\n                <div class=\"aux-border-shape-none \">\n                                <\/div>\n            <\/div>\n        \n<\/section><!-- widget-container -->\t\t<\/div>\n\t\t\t\t<\/div>\n\t\t\t\t\t\t<\/div>\n\t\t\t\t\t<\/div>\n\t\t<\/div>\n\t\t\t\t<div class=\"aux-parallax-section elementor-column elementor-col-33 elementor-inner-column elementor-element elementor-element-ed5f8ec\" data-id=\"ed5f8ec\" data-element_type=\"column\">\n\t\t\t<div class=\"elementor-column-wrap elementor-element-populated\">\n\t\t\t\t\t\t\t<div class=\"elementor-widget-wrap\">\n\t\t\t\t\t\t<div class=\"elementor-element elementor-element-c7952cc aux-appear-watch-animation aux-fade-in-left-1 elementor-widget elementor-widget-aux_text\" data-id=\"c7952cc\" data-element_type=\"widget\" data-widget_type=\"aux_text.default\">\n\t\t\t\t<div class=\"elementor-widget-container\">\n\t\t\t<section class=\"widget-container aux-widget-text aux-parent-auefd16308\" style=\"\" >        <div class=\"aux-widget-advanced-text aux-wrap-style-simple aux-ico-pos-top aux-text-center aux-text-resp- aux-text-color-dark aux-text-widget-bg-center aux-text-no-content \" >\n        \n                            <div class=\"aux-text-widget-header \"  >\n                        <div class=\"aux-ico-box aux-ico-large aux-img-box aux-ico-shape-default aux-ico-clear \">\n                                                                <img width=\"150\" height=\"150\" src=\"data:image\/gif;base64,R0lGODlhAQABAIAAAAAAAP\/\/\/yH5BAEAAAAALAAAAAABAAEAAAIBRAA7\" class=\"aux-attachment aux-featured-image aux-attachment-id-111 aux-preload aux-blank\" alt=\"Design sem nome (55)\" data-ratio=\"1\" data-original-w=\"500\" sizes=\"auto\" data-srcset=\"http:\/\/site.jetmarketing.com.br\/wp-content\/uploads\/2022\/04\/Design-sem-nome-55-150x150.png 150w,http:\/\/site.jetmarketing.com.br\/wp-content\/uploads\/2022\/04\/Design-sem-nome-55-300x300.png 300w,http:\/\/site.jetmarketing.com.br\/wp-content\/uploads\/2022\/04\/Design-sem-nome-55-150x150.png 150w\" data-src=\"http:\/\/site.jetmarketing.com.br\/wp-content\/uploads\/2022\/04\/Design-sem-nome-55-150x150.png\" \/>                                                    <\/div>\n                <\/div>\n            \n            <div class=\"aux-text-inner aux-text-widget-content\">\n                                <h4 class=\"col-title\">Constru\u00e7\u00e3o Civil<\/h4>\n                <a  href=\"http:\/\/ex2.jetmarketing.com.br\" target=\"_blank\"   class=\"aux-button aux-medium aux-black aux-round aux-outline aux-icon-left\" ><span class=\"aux-overlay\"><\/span><span class=\"aux-icon fas fa-angle-up\"><\/span><span class=\"aux-text\">VER SITE<\/span><\/a>            <\/div>\n        <\/div>\n                    <div class=\"aux-text-widget-footer\">\n                <div class=\"aux-border-shape-none \">\n                                <\/div>\n            <\/div>\n        \n<\/section><!-- widget-container -->\t\t<\/div>\n\t\t\t\t<\/div>\n\t\t\t\t<div class=\"elementor-element elementor-element-9c06b95 aux-appear-watch-animation aux-fade-in-left-1 elementor-widget elementor-widget-aux_text\" data-id=\"9c06b95\" data-element_type=\"widget\" data-widget_type=\"aux_text.default\">\n\t\t\t\t<div class=\"elementor-widget-container\">\n\t\t\t<section class=\"widget-container aux-widget-text aux-parent-au7ead15b6\" style=\"\" >        <div class=\"aux-widget-advanced-text aux-wrap-style-simple aux-ico-pos-top aux-text-center aux-text-resp- aux-text-color-dark aux-text-widget-bg-center aux-text-no-content \" >\n        \n                            <div class=\"aux-text-widget-header \"  >\n                        <div class=\"aux-ico-box aux-ico-large aux-img-box aux-ico-shape-default aux-ico-clear \">\n                                                                <img width=\"150\" height=\"150\" src=\"data:image\/gif;base64,R0lGODlhAQABAIAAAAAAAP\/\/\/yH5BAEAAAAALAAAAAABAAEAAAIBRAA7\" class=\"aux-attachment aux-featured-image aux-attachment-id-109 aux-preload aux-blank\" alt=\"ecommerce\" data-ratio=\"1\" data-original-w=\"500\" sizes=\"auto\" data-srcset=\"http:\/\/site.jetmarketing.com.br\/wp-content\/uploads\/2022\/04\/ecommerce-150x150.png 150w,http:\/\/site.jetmarketing.com.br\/wp-content\/uploads\/2022\/04\/ecommerce-300x300.png 300w,http:\/\/site.jetmarketing.com.br\/wp-content\/uploads\/2022\/04\/ecommerce-150x150.png 150w\" data-src=\"http:\/\/site.jetmarketing.com.br\/wp-content\/uploads\/2022\/04\/ecommerce-150x150.png\" \/>                                                    <\/div>\n                <\/div>\n            \n            <div class=\"aux-text-inner aux-text-widget-content\">\n                                <h4 class=\"col-title\">Loja | Ecommerce<\/h4>\n                <a  href=\"http:\/\/ex4.jetmarketing.com.br\/\" target=\"_blank\"   class=\"aux-button aux-medium aux-black aux-round aux-outline aux-icon-left\" ><span class=\"aux-overlay\"><\/span><span class=\"aux-icon fas fa-angle-up\"><\/span><span class=\"aux-text\">VER SITE<\/span><\/a>            <\/div>\n        <\/div>\n                    <div class=\"aux-text-widget-footer\">\n                <div class=\"aux-border-shape-none \">\n                                <\/div>\n            <\/div>\n        \n<\/section><!-- widget-container -->\t\t<\/div>\n\t\t\t\t<\/div>\n\t\t\t\t\t\t<\/div>\n\t\t\t\t\t<\/div>\n\t\t<\/div>\n\t\t\t\t<div class=\"aux-parallax-section elementor-column elementor-col-33 elementor-inner-column elementor-element elementor-element-1752636\" data-id=\"1752636\" data-element_type=\"column\">\n\t\t\t<div class=\"elementor-column-wrap elementor-element-populated\">\n\t\t\t\t\t\t\t<div class=\"elementor-widget-wrap\">\n\t\t\t\t\t\t<div class=\"elementor-element elementor-element-faea2c5 aux-appear-watch-animation aux-fade-in-left-1 elementor-widget elementor-widget-aux_text\" data-id=\"faea2c5\" data-element_type=\"widget\" data-widget_type=\"aux_text.default\">\n\t\t\t\t<div class=\"elementor-widget-container\">\n\t\t\t<section class=\"widget-container aux-widget-text aux-parent-au174936ad\" style=\"\" >        <div class=\"aux-widget-advanced-text aux-wrap-style-simple aux-ico-pos-top aux-text-center aux-text-resp- aux-text-color-dark aux-text-widget-bg-center aux-text-no-content \" >\n        \n                            <div class=\"aux-text-widget-header \"  >\n                        <div class=\"aux-ico-box aux-ico-large aux-img-box aux-ico-shape-default aux-ico-clear \">\n                                                                <img width=\"150\" height=\"150\" src=\"data:image\/gif;base64,R0lGODlhAQABAIAAAAAAAP\/\/\/yH5BAEAAAAALAAAAAABAAEAAAIBRAA7\" class=\"aux-attachment aux-featured-image aux-attachment-id-103 aux-preload aux-blank\" alt=\"Group-7796\" data-ratio=\"1\" data-original-w=\"425\" sizes=\"auto\" data-srcset=\"http:\/\/site.jetmarketing.com.br\/wp-content\/uploads\/2022\/04\/Group-7796-150x150.png 150w,http:\/\/site.jetmarketing.com.br\/wp-content\/uploads\/2022\/04\/Group-7796-300x300.png 300w,http:\/\/site.jetmarketing.com.br\/wp-content\/uploads\/2022\/04\/Group-7796-150x150.png 150w\" data-src=\"http:\/\/site.jetmarketing.com.br\/wp-content\/uploads\/2022\/04\/Group-7796-150x150.png\" \/>                                                    <\/div>\n                <\/div>\n            \n            <div class=\"aux-text-inner aux-text-widget-content\">\n                                <h4 class=\"col-title\">Perfumaria<\/h4>\n                <a  href=\"http:\/\/ex3.jetmarketing.com.br\/\" target=\"_blank\"   class=\"aux-button aux-medium aux-black aux-round aux-outline aux-icon-left\" ><span class=\"aux-overlay\"><\/span><span class=\"aux-icon fas fa-angle-up\"><\/span><span class=\"aux-text\">VER SITE <\/span><\/a>            <\/div>\n        <\/div>\n                    <div class=\"aux-text-widget-footer\">\n                <div class=\"aux-border-shape-none \">\n                                <\/div>\n            <\/div>\n        \n<\/section><!-- widget-container -->\t\t<\/div>\n\t\t\t\t<\/div>\n\t\t\t\t<div class=\"elementor-element elementor-element-d8df73b aux-appear-watch-animation aux-fade-in-left-1 elementor-widget elementor-widget-aux_text\" data-id=\"d8df73b\" data-element_type=\"widget\" data-widget_type=\"aux_text.default\">\n\t\t\t\t<div class=\"elementor-widget-container\">\n\t\t\t<section class=\"widget-container aux-widget-text aux-parent-au34a59955\" style=\"\" >        <div class=\"aux-widget-advanced-text aux-wrap-style-simple aux-ico-pos-top aux-text-center aux-text-resp- aux-text-color-dark aux-text-widget-bg-center aux-text-no-content \" >\n        \n                            <div class=\"aux-text-widget-header \"  >\n                        <div class=\"aux-ico-box aux-ico-large aux-img-box aux-ico-shape-default aux-ico-clear \">\n                                                                <img width=\"150\" height=\"150\" src=\"data:image\/gif;base64,R0lGODlhAQABAIAAAAAAAP\/\/\/yH5BAEAAAAALAAAAAABAAEAAAIBRAA7\" class=\"aux-attachment aux-featured-image aux-attachment-id-110 aux-preload aux-blank\" alt=\"Design sem nome (54)\" data-ratio=\"1\" data-original-w=\"500\" sizes=\"auto\" data-srcset=\"http:\/\/site.jetmarketing.com.br\/wp-content\/uploads\/2022\/04\/Design-sem-nome-54-150x150.png 150w,http:\/\/site.jetmarketing.com.br\/wp-content\/uploads\/2022\/04\/Design-sem-nome-54-300x300.png 300w,http:\/\/site.jetmarketing.com.br\/wp-content\/uploads\/2022\/04\/Design-sem-nome-54-150x150.png 150w\" data-src=\"http:\/\/site.jetmarketing.com.br\/wp-content\/uploads\/2022\/04\/Design-sem-nome-54-150x150.png\" \/>                                                    <\/div>\n                <\/div>\n            \n            <div class=\"aux-text-inner aux-text-widget-content\">\n                                <h4 class=\"col-title\">Barbearia <\/h4>\n                <button   class=\"aux-button aux-medium aux-black aux-round aux-outline aux-icon-left\" ><span class=\"aux-overlay\"><\/span><span class=\"aux-icon fas fa-angle-up\"><\/span><span class=\"aux-text\">VER SITE<\/span><\/button>            <\/div>\n        <\/div>\n                    <div class=\"aux-text-widget-footer\">\n                <div class=\"aux-border-shape-none \">\n                                <\/div>\n            <\/div>\n        \n<\/section><!-- widget-container -->\t\t<\/div>\n\t\t\t\t<\/div>\n\t\t\t\t\t\t<\/div>\n\t\t\t\t\t<\/div>\n\t\t<\/div>\n\t\t\t\t\t\t\t\t<\/div>\n\t\t\t\t\t<\/div>\n\t\t<\/section>\n\t\t\t\t<div class=\"aux-scroll-anim elementor-element elementor-element-e77a388 elementor-widget__width-auto aux-shpe-type-circle elementor-widget elementor-widget-aux_simple_shape\" data-move-in=\"fade\" data-move-out=\"moveVertical\" data-axis-x=\"200\" data-axis-y=\"-50\" data-rotate=\"90\" data-scale=\"1\" data-vp-top=\"0.5\" data-vp-bot=\"0.5\" data-el-top=\"0.2\" data-scroll-animation-off=\"1024\" data-id=\"e77a388\" data-element_type=\"widget\" data-widget_type=\"aux_simple_shape.default\">\n\t\t\t\t<div class=\"elementor-widget-container\">\n\t\t\t    <div class=\"aux-widget-container aux-simple-shape-container\">\n        <div class=\"aux-widget-container-inner\">\n            <div class=\"aux-the-shape\"><\/div>\n        <\/div>\n    <\/div>\n    \t\t<\/div>\n\t\t\t\t<\/div>\n\t\t\t\t<div class=\"aux-scroll-anim elementor-element elementor-element-0aa853b elementor-widget__width-auto elementor-widget elementor-widget-aux_simple_svg\" data-move-in=\"\" data-move-out=\"moveVertical\" data-axis-x=\"200\" data-axis-y=\"-100\" data-rotate=\"90\" data-scale=\"1\" data-vp-top=\"0.5\" data-vp-bot=\"0.5\" data-el-top=\"0.2\" data-scroll-animation-off=\"1024\" data-id=\"0aa853b\" data-element_type=\"widget\" data-widget_type=\"aux_simple_svg.default\">\n\t\t\t\t<div class=\"elementor-widget-container\">\n\t\t\t    <div class=\"aux-widget-container aux-simple-svg-container\">\n        <div class=\"aux-widget-container-inner\">\n            <div class=\"aux-the-svg\"><svg xmlns=\"http:\/\/www.w3.org\/2000\/svg\" width=\"485.107\" height=\"499.809\"><path d=\"M422.303 222.764a35.017 35.017 0 011.816 35.01l-68.556 134.138a35.017 35.017 0 01-29.295 19.03l-150.423 8.107a35.017 35.017 0 01-31.25-15.89L62.832 277.29a35.017 35.017 0 01-1.816-35.01l68.557-134.137a35.017 35.017 0 0129.295-19.03l150.423-8.108a35.017 35.017 0 0131.25 15.89z\" fill=\"var(--e-global-color-primary)\"\/><\/svg><\/div>\n        <\/div>\n    <\/div>\n    \t\t<\/div>\n\t\t\t\t<\/div>\n\t\t\t\t<div class=\"aux-scroll-anim elementor-element elementor-element-cf2fd2f elementor-widget__width-auto elementor-hidden-phone aux-shpe-type-circle elementor-widget elementor-widget-aux_simple_shape\" data-move-in=\"\" data-move-out=\"moveVertical\" data-axis-x=\"200\" data-axis-y=\"50\" data-rotate=\"90\" data-scale=\"1\" data-vp-top=\"0.5\" data-vp-bot=\"0.5\" data-el-top=\"0.2\" data-scroll-animation-off=\"1024\" data-id=\"cf2fd2f\" data-element_type=\"widget\" data-widget_type=\"aux_simple_shape.default\">\n\t\t\t\t<div class=\"elementor-widget-container\">\n\t\t\t    <div class=\"aux-widget-container aux-simple-shape-container\">\n        <div class=\"aux-widget-container-inner\">\n            <div class=\"aux-the-shape\"><\/div>\n        <\/div>\n    <\/div>\n    \t\t<\/div>\n\t\t\t\t<\/div>\n\t\t\t\t<div class=\"aux-scroll-anim elementor-element elementor-element-22d4e8e elementor-widget__width-auto elementor-hidden-tablet elementor-hidden-phone aux-shpe-type-circle elementor-widget elementor-widget-aux_simple_shape\" data-move-in=\"fadeLeft\" data-move-out=\"moveHorizontal\" data-axis-x=\"-80\" data-axis-y=\"-50\" data-rotate=\"90\" data-scale=\"1\" data-vp-top=\"0.5\" data-vp-bot=\"0.5\" data-el-top=\"0.2\" data-scroll-animation-off=\"1024\" data-id=\"22d4e8e\" data-element_type=\"widget\" data-widget_type=\"aux_simple_shape.default\">\n\t\t\t\t<div class=\"elementor-widget-container\">\n\t\t\t    <div class=\"aux-widget-container aux-simple-shape-container\">\n        <div class=\"aux-widget-container-inner\">\n            <div class=\"aux-the-shape\"><\/div>\n        <\/div>\n    <\/div>\n    \t\t<\/div>\n\t\t\t\t<\/div>\n\t\t\t\t<div class=\"aux-scroll-anim elementor-element elementor-element-4b0cc21 elementor-widget__width-auto elementor-widget elementor-widget-aux_simple_svg\" data-move-in=\"\" data-move-out=\"moveVertical\" data-axis-x=\"200\" data-axis-y=\"90\" data-rotate=\"90\" data-scale=\"1\" data-vp-top=\"0.5\" data-vp-bot=\"0.5\" data-el-top=\"0.2\" data-scroll-animation-off=\"1024\" data-id=\"4b0cc21\" data-element_type=\"widget\" data-widget_type=\"aux_simple_svg.default\">\n\t\t\t\t<div class=\"elementor-widget-container\">\n\t\t\t    <div class=\"aux-widget-container aux-simple-svg-container\">\n        <div class=\"aux-widget-container-inner\">\n            <div class=\"aux-the-svg\"><svg xmlns=\"http:\/\/www.w3.org\/2000\/svg\" width=\"192.106\" height=\"197.987\"><path d=\"M163.712 82.893a25.012 25.012 0 011.304 24.994l-21.258 41.657a25.012 25.012 0 01-20.948 13.607l-46.7 2.488a25.012 25.012 0 01-22.307-11.35L28.406 115.19a25.012 25.012 0 01-1.304-24.994l21.257-41.66a25.012 25.012 0 0120.947-13.606l46.7-2.489a25.012 25.012 0 0122.309 11.354z\" fill=\"var(--e-global-color-64ad9b3d)\"\/><\/svg><\/div>\n        <\/div>\n    <\/div>\n    \t\t<\/div>\n\t\t\t\t<\/div>\n\t\t\t\t\t\t<\/div>\n\t\t\t\t\t<\/div>\n\t\t<\/div>\n\t\t\t\t\t\t\t\t<\/div>\n\t\t\t\t\t<\/div>\n\t\t<\/section>\n\t\t\t\t<section class=\"elementor-section elementor-top-section elementor-element elementor-element-8ef28e5 elementor-section-boxed elementor-section-height-default elementor-section-height-default\" data-id=\"8ef28e5\" data-element_type=\"section\" id=\"pricing\" data-settings=\"{&quot;background_background&quot;:&quot;classic&quot;}\">\n\t\t\t\t\t\t<div class=\"elementor-container elementor-column-gap-default\">\n\t\t\t\t\t\t\t<div class=\"elementor-row\">\n\t\t\t\t\t<div class=\"aux-parallax-section elementor-column elementor-col-100 elementor-top-column elementor-element elementor-element-1bdf243\" data-id=\"1bdf243\" data-element_type=\"column\" data-settings=\"{&quot;background_background&quot;:&quot;classic&quot;}\">\n\t\t\t<div class=\"elementor-column-wrap elementor-element-populated\">\n\t\t\t\t\t\t\t<div class=\"elementor-widget-wrap\">\n\t\t\t\t\t\t<div class=\"elementor-element elementor-element-d7d34f6 aux-appear-watch-animation aux-fade-in-up-1 elementor-widget elementor-widget-aux_modern_heading\" data-id=\"d7d34f6\" data-element_type=\"widget\" data-widget_type=\"aux_modern_heading.default\">\n\t\t\t\t<div class=\"elementor-widget-container\">\n\t\t\t<section class=\"aux-widget-modern-heading\">\n            <div class=\"aux-widget-inner\"><h2 class=\"aux-modern-heading-primary\">Planos a Partir <\/h2><h3 class=\"aux-modern-heading-secondary\"><span class=\"aux-head-after\">R$699,90<\/span><\/h3><div class=\"aux-modern-heading-description\"><p>Criamos seu site com ferramentas de alta qualidade, visando seguran\u00e7a e confian\u00e7a. Gerando valor para sua marca.<\/p><\/div><\/div>\n        <\/section>\t\t<\/div>\n\t\t\t\t<\/div>\n\t\t\t\t<div class=\"elementor-element elementor-element-bb7438f elementor-align-center elementor-widget elementor-widget-button\" data-id=\"bb7438f\" data-element_type=\"widget\" data-widget_type=\"button.default\">\n\t\t\t\t<div class=\"elementor-widget-container\">\n\t\t\t\t\t<div class=\"elementor-button-wrapper\">\n\t\t\t<a href=\"https:\/\/api.whatsapp.com\/send?phone=5511948641423&#038;text=Ol%C3%A1%20gostaria%20de%20fazer%20or%C3%A7amento%20do%20meu%20site%20\" target=\"_blank\" class=\"elementor-button-link elementor-button elementor-size-lg elementor-animation-grow\" role=\"button\">\n\t\t\t\t\t\t<span class=\"elementor-button-content-wrapper\">\n\t\t\t\t\t\t\t<span class=\"elementor-button-icon elementor-align-icon-left\">\n\t\t\t\t<i aria-hidden=\"true\" class=\"fab fa-whatsapp\"><\/i>\t\t\t<\/span>\n\t\t\t\t\t\t<span class=\"elementor-button-text\">FAZER OR\u00c7AMENTO <\/span>\n\t\t<\/span>\n\t\t\t\t\t<\/a>\n\t\t<\/div>\n\t\t\t\t<\/div>\n\t\t\t\t<\/div>\n\t\t\t\t\t\t<\/div>\n\t\t\t\t\t<\/div>\n\t\t<\/div>\n\t\t\t\t\t\t\t\t<\/div>\n\t\t\t\t\t<\/div>\n\t\t<\/section>\n\t\t\t\t\t\t\t\t\t<\/div>\n\t\t\t<\/div>\n\t\t\t\t\t<\/div>\n\t\t","protected":false},"excerpt":{"rendered":"<p>Exemplos de Sites para sua Empresa ou Negocio. Site para Academia VER SITE Clinica VER SITE Constru\u00e7\u00e3o Civil VER SITE Loja | Ecommerce VER SITE Perfumaria VER SITE Barbearia VER SITE Planos a Partir R$699,90 Criamos seu site com ferramentas de alta qualidade, visando seguran\u00e7a e confian\u00e7a. Gerando valor para sua marca. FAZER OR\u00c7AMENTO<\/p>\n","protected":false},"author":1,"featured_media":0,"parent":0,"menu_order":0,"comment_status":"closed","ping_status":"closed","template":"templates\/page-builder-content.php","meta":[],"_links":{"self":[{"href":"http:\/\/site.jetmarketing.com.br\/index.php\/wp-json\/wp\/v2\/pages\/66"}],"collection":[{"href":"http:\/\/site.jetmarketing.com.br\/index.php\/wp-json\/wp\/v2\/pages"}],"about":[{"href":"http:\/\/site.jetmarketing.com.br\/index.php\/wp-json\/wp\/v2\/types\/page"}],"author":[{"embeddable":true,"href":"http:\/\/site.jetmarketing.com.br\/index.php\/wp-json\/wp\/v2\/users\/1"}],"replies":[{"embeddable":true,"href":"http:\/\/site.jetmarketing.com.br\/index.php\/wp-json\/wp\/v2\/comments?post=66"}],"version-history":[{"count":0,"href":"http:\/\/site.jetmarketing.com.br\/index.php\/wp-json\/wp\/v2\/pages\/66\/revisions"}],"wp:attachment":[{"href":"http:\/\/site.jetmarketing.com.br\/index.php\/wp-json\/wp\/v2\/media?parent=66"}],"curies":[{"name":"wp","href":"https:\/\/api.w.org\/{rel}","templated":true}]}}